{"id":42620,"date":"2026-02-16T18:45:31","date_gmt":"2026-02-16T17:45:31","guid":{"rendered":"https:\/\/www.snowpaws.de\/shop\/?post_type=product&#038;p=42620"},"modified":"2026-03-28T12:04:52","modified_gmt":"2026-03-28T11:04:52","slug":"trailgeschirr-nukka-auf-lager-neongelb-petrol-airmesh-groesse-10","status":"publish","type":"product","link":"https:\/\/www.snowpaws.de\/shop\/produkt\/trailgeschirr-nukka-auf-lager-neongelb-petrol-airmesh-groesse-10\/","title":{"rendered":"Trailgeschirr Nukka\u00ae (auf Lager) &#8211; neongelb \/ petrol (Airmesh), Gr\u00f6\u00dfe 10"},"content":{"rendered":"<p>Dieses Geschirr wurde speziell f\u00fcr ziehende Hunde entwickelt, welche in anderen F\u00fchrgeschirren Probleme mit der Atmung bekommen (R\u00f6cheln). Durch den unterbrochenen R\u00fcckensteg zieht sich dieses Geschirr unter Zug nicht in den Hals. Es ist angelehnt an das klassische Zuggeschirr in Kurzform. Daher ist es bestens geeignet zum Wandern, Radfahren, Scootern, Mantrailing oder auch f\u00fcr Canicross.<\/p>\n<p>Oftmals ziehen sich herk\u00f6mmliche F\u00fchrgeschirre durch die gerade Verbindung zwischen Ankerpunkt der Leine und Halsbereich unter Zug den Hals hoch in die Luftr\u00f6hre des Hundes. Folge ist R\u00f6cheln, starke Atemger\u00e4usche und eventuell \u00dcbergeben.<\/p>\n<p>Vorteile von &#8222;Nukka&#8220;:<\/p>\n<ul>\n<li>Kein Zug in die Luftr\u00f6hre auch nicht unter starkem Ziehen mit nach unten gesenktem Kopf<\/li>\n<li>Hund kann sich nicht so leicht wie bei anderen Zuggeschirren nach hinten herauswinden<\/li>\n<li>durch die R\u00fcckenkonstruktion verrutscht das Geschirr weniger, auch bei seitlichem Zug (wie am Fahrrad zum Beispiel)<\/li>\n<li>schnelles An und Ausziehen durch 2 Schnallen<\/li>\n<\/ul>\n<p>Daher ist es auch ideal zum Trailen geeignet.<\/p>\n<p>Als Polster ist Airmesh oder schwarzes Neopren m\u00f6glich.<\/p>\n<h3><strong>Ma\u00dftabelle Mini Hunde 15mm Gurtband<\/strong><\/h3>\n<p><strong><span style=\"color: #ff6600;\">Achtung: <\/span><\/strong><\/p>\n<p><strong><span style=\"color: #ff6600;\">Gurtb\u00e4nder mit _reflek sind hier nicht verf\u00fcgbar!<\/span><\/strong><br \/>\n<strong><span style=\"color: #ff6600;\">Verschl\u00fcsse sind nicht als Sicherheitsverschluss verf\u00fcgbar.<\/span><\/strong><\/p>\n<table width=\"346\">\n<tbody>\n<tr>\n<td width=\"80\">A-B<\/td>\n<td width=\"92\">Brustumfang<\/td>\n<td width=\"94\">R\u00fcckenl\u00e4nge<\/td>\n<td width=\"80\">Gr\u00f6\u00dfe&nbsp;<\/td>\n<\/tr>\n<tr>\n<td>16-18<\/td>\n<td>36-45<\/td>\n<td>29-36<\/td>\n<td>0<\/td>\n<\/tr>\n<tr>\n<td>19-21<\/td>\n<td>36-45<\/td>\n<td>29-36<\/td>\n<td>1<\/td>\n<\/tr>\n<\/tbody>\n<\/table>\n<h3><strong>Ma\u00dftabelle kleine und gro\u00dfe Hunde<\/strong><\/h3>\n<p><span style=\"color: #ff6600;\"><strong>Achtung:<\/strong><\/span><\/p>\n<p><span style=\"color: #ff6600;\"><strong>F\u00fcr Gr\u00f6\u00dfe 14 und 15 sind die Farben dunkelblau_reflek und petrol_reflek nicht verf\u00fcgbar aufgrund der Gurtbandbreite<\/strong><\/span><br \/>\n<span style=\"color: #ff6600;\"><strong>F\u00fcr Gr\u00f6\u00dfe 14 und 15 sind Verschl\u00fcsse nicht als Sicherheitsverschluss verf\u00fcgbar.<\/strong><\/span><\/p>\n<table width=\"346\">\n<tbody>\n<tr>\n<td width=\"80\">A-B<\/td>\n<td width=\"92\">Brustumfang<\/td>\n<td width=\"94\">R\u00fcckenl\u00e4nge<\/td>\n<td width=\"80\">Gr\u00f6\u00dfe&nbsp;<\/td>\n<\/tr>\n<tr>\n<td>18-20<\/td>\n<td>45-56<\/td>\n<td>32-39<\/td>\n<td>2<\/td>\n<\/tr>\n<tr>\n<td>21-23<\/td>\n<td>45-56<\/td>\n<td>32-39<\/td>\n<td>3<\/td>\n<\/tr>\n<tr>\n<td>20-22<\/td>\n<td>53-62<\/td>\n<td>35-45<\/td>\n<td>4<\/td>\n<\/tr>\n<tr>\n<td>23-25<\/td>\n<td>53-62<\/td>\n<td>35-45<\/td>\n<td>5<\/td>\n<\/tr>\n<tr>\n<td>22-24<\/td>\n<td>60-70<\/td>\n<td>40-50<\/td>\n<td>6<\/td>\n<\/tr>\n<tr>\n<td>25-27<\/td>\n<td>60-70<\/td>\n<td>40-50<\/td>\n<td>7<\/td>\n<\/tr>\n<tr>\n<td>24-27<\/td>\n<td>64-78<\/td>\n<td>48-60<\/td>\n<td>8<\/td>\n<\/tr>\n<tr>\n<td>28-30<\/td>\n<td>64-78<\/td>\n<td>48-60<\/td>\n<td>9<\/td>\n<\/tr>\n<tr>\n<td>27-29<\/td>\n<td>68-80<\/td>\n<td>50-65<\/td>\n<td>10<\/td>\n<\/tr>\n<tr>\n<td>30-32<\/td>\n<td>68-80<\/td>\n<td>50-65<\/td>\n<td>11<\/td>\n<\/tr>\n<tr>\n<td>29-31<\/td>\n<td>72-85<\/td>\n<td>55-70<\/td>\n<td>12<\/td>\n<\/tr>\n<tr>\n<td>32-34<\/td>\n<td>72-85<\/td>\n<td>55-70<\/td>\n<td>13<\/td>\n<\/tr>\n<tr>\n<td>32-34<\/td>\n<td>78-90<\/td>\n<td>60-80<\/td>\n<td>14<\/td>\n<\/tr>\n<tr>\n<td>34-36<\/td>\n<td>78-90<\/td>\n<td>60-80<\/td>\n<td>15<\/td>\n<\/tr>\n<\/tbody>\n<\/table>\n<p>&nbsp;<\/p>\n","protected":false},"excerpt":{"rendered":"<p>&nbsp;<\/p>\n<p>Einsatzbereiche: Wandern, Canicross, Bike, Dogscooter, Mantrailing<\/p>\n<p>Stufenlos verstellbar im Brustumfang und der R\u00fcckenl\u00e4nge. Wird bei Ma\u00dfanfertigung so gefertigt, dass es kleiner und gr\u00f6\u00dfer als das angegebene Ma\u00df verstellbar ist.&nbsp;<\/p>\n<p>Zur Gr\u00f6\u00dfenbestimmung finden Sie unten die Gr\u00f6\u00dfentabelle.<\/p>\n<p>Bitte geben Sie auf jeden Fall eine Gr\u00f6\u00dfe f\u00fcr Ihr Geschirr an. Falls Sie sich unsicher sind, tragen Sie bitte zus\u00e4tzlich die Ma\u00dfe, Gewicht und Rasse ein. Wir pr\u00fcfen diie Angaben dann aus Plausibilit\u00e4t und f\u00fchren ggf. Anpassungen durch.<\/p>\n","protected":false},"featured_media":42619,"template":"","meta":{"_seopress_robots_primary_cat":"none","_seopress_titles_title":"","_seopress_titles_desc":"","_seopress_robots_index":"","ngg_post_thumbnail":0},"product_brand":[],"product_cat":[428,447],"product_tag":[],"class_list":{"0":"post-42620","1":"product","2":"type-product","3":"status-publish","4":"has-post-thumbnail","6":"product_cat-haendlerrabatt","7":"product_cat-lagerware","9":"first","10":"instock","11":"taxable","12":"shipping-taxable","13":"purchasable","14":"product-type-simple"},"_links":{"self":[{"href":"https:\/\/www.snowpaws.de\/shop\/wp-json\/wp\/v2\/product\/42620","targetHints":{"allow":["GET"]}}],"collection":[{"href":"https:\/\/www.snowpaws.de\/shop\/wp-json\/wp\/v2\/product"}],"about":[{"href":"https:\/\/www.snowpaws.de\/shop\/wp-json\/wp\/v2\/types\/product"}],"wp:featuredmedia":[{"embeddable":true,"href":"https:\/\/www.snowpaws.de\/shop\/wp-json\/wp\/v2\/media\/42619"}],"wp:attachment":[{"href":"https:\/\/www.snowpaws.de\/shop\/wp-json\/wp\/v2\/media?parent=42620"}],"wp:term":[{"taxonomy":"product_brand","embeddable":true,"href":"https:\/\/www.snowpaws.de\/shop\/wp-json\/wp\/v2\/product_brand?post=42620"},{"taxonomy":"product_cat","embeddable":true,"href":"https:\/\/www.snowpaws.de\/shop\/wp-json\/wp\/v2\/product_cat?post=42620"},{"taxonomy":"product_tag","embeddable":true,"href":"https:\/\/www.snowpaws.de\/shop\/wp-json\/wp\/v2\/product_tag?post=42620"}],"curies":[{"name":"wp","href":"https:\/\/api.w.org\/{rel}","templated":true}]}}